mainder when 5 is divided by d.
2
Suppose -2*o + 86 = -2*w + 7*w, -4*w = 2*o - 86. Let u(j) = -14*j**3 + 2*j**2 + 2*j + 1. Calculate the remainder when o is divided by u(-1).
13
Suppose o - 10 = 3*o. Let n = 5 - o. What is the remainder when 29 is divided by n?
9
Suppose 5*f - 36 = 2*i - 14, -5*i = -3*f + 17. What is the remainder when 15 is divided by f?
3
Let c(j) = -j + 14. What is the remainder when c(7) is divided by 2?
1
Let t be (5 - 4)/(-1 + 0). Let d(w) = -3*w + 1. What is the remainder when 6 is divided by d(t)?
2
Let n be ((-5)/3 - -2)*3. Calculate the remainder when (0 - (-43)/n) + -1 is divided by 15.
12
Let l be ((-2)/(-4))/(5/90). Let n = l + -15. Calculate the remainder when 5 is divided by (n/(-4))/(12/16).
1
Suppose 0 = -5*r + 40 + 15. Let u(j) = -3 + 2*j**2 - r*j + 0 - 5. Calculate the remainder when u(8) is divided by 17.
15
Let u(y) = -3*y - 12. What is the remainder when 57*(-2)/6*-3 is divided by u(-9)?
12
Let x = 61 + -38. Let b(s) = -12*s - 39. Calculate the remainder when b(-7) is divided by x.
22
Let a = 90 - 47. Calculate the remainder when a is divided by 15.
13
Let x be -4*1*2/(-4). Suppose -4*m - m + x*u = -49, 4*u + 43 = 5*m. Calculate the remainder when 32 is divided by m.
10
Let t be -40*3*(-3)/6. Suppose -3*b = -8*b + t. Suppose -m + 110 = 4*m. What is the remainder when m is divided by b?
10
Suppose -b + 14 = g, -5*g + 4*b = -3*g - 16. Let a = 2252 + -917. What is the remainder when (-3)/(-2) - a/(-30) is divided by g?
10
Let j(p) = -1 - 2*p + 5*p**2 - 5*p**3 + 4*p**3 - 1. What is the remainder when 29 is divided by j(3)?
9
Let s(d) = d**2 - 2*d - 1. Suppose 3 - 55 = 4*c. Let h = c - -21. What is the remainder when s(-3) is divided by h?
6
Suppose 25 = -d + 6*d. Let g(r) = -r - 5. Let s be g(d). Let q = s - -19. What is the remainder when q is divided by 5?
4
Let p(i) = -27*i - 3. What is the remainder when p(-3) is divided by 8?
6
Let j(h) = h**2. Let a = 53 + -23. Calculate the remainder when a is divided by j(4).
14
Let r(d) = d**2 + 3*d - 3. What is the remainder when 1 is divided by r(1)?
0
Let i(d) = 2 + 1 - 4*d - 3. Calculate the remainder when 46 is divided by i(-4).
14
Let t = -124 - -72. Let b = t - -84. Let s = 19 + -8. What is the remainder when b is divided by s?
10
What is the remainder when 54 is divided by 29 + 33/(-27) + (-6)/(-27)?
26
Suppose v + 44 = d, -v = 5*d - 237 - 13. What is the remainder when 293 is divided by d?
48
Let h(j) = -j**3 + 5*j**2 - j - 2. Let i be ((-6)/(-5))/(2/5). Suppose -a = -4*m + a + 92, 94 = 4*m - a. Calculate the remainder when m is divided by h(i).
11
Let h(n) = -n**2 - 10*n - 19. Calculate the remainder when 3 is divided by h(-7).
1
Suppose 8 = 2*l - 2*t, -2*t = 2*l - 0*t. Suppose -8 = -l*s - 0*s. Let d = 0 - -7. What is the remainder when d is divided by s?
3
Calculate the remainder when (-1339)/(-9) - 8/(-36) is divided by 15.
14
Let n(a) = a - 2. Let y be n(4). Suppose -2*b + y + 6 = 0. Let p(z) = -5*z**3 + 2*z**2 - 1. Calculate the remainder when p(-1) is divided by b.
2
Suppose -9*t - 24 = -105. Calculate the remainder when t is divided by 5.
4
Let p(o) = -2*o. Calculate the remainder when 71 is divided by p(-9).
17
Calculate the remainder when 54 is divided by 42/4*(-36)/(-27).
12
Let a(p) = -p**3 - 5*p**2 + 5*p - 4. Let x be a(-6). Suppose 4 = x*f - 0. What is the remainder when 20/5*(2 + -1) is divided by f?
0
Let l(v) = -7*v - 7. What is the remainder when l(-12) is divided by 20?
17
Let f(i) = i**3 + 28*i**2 + 23*i - 39. Calculate the remainder when f(-27) is divided by 18.
15
Let b be 2/7 - (-748)/28. Suppose -2*v = -1 - b. Calculate the remainder when (18/8)/(3/72) is divided by v.
12
Let o(c) = c**2 + c - 1. Let q be o(4). Suppose 2*b = -0*i - 5*i + q, 3*i + 5*b = 0. Suppose 0 = -i*s + 6*s - 8. Calculate the remainder when s is divided by 3.
2
Let b = -45 + 57. Calculate the remainder when 24 is divided by b.
0
Let r = -72 + 102. Let t = r + -5. Calculate the remainder when t is divided by 9.
7
Suppose 2*i + 0*i = 0. Let z = i + 2. Suppose 0 = -z*j + 6*j - 4. Calculate the remainder when 1 is divided by j.
0
Suppose -12 = -0*n - 3*n. Suppose 2*q + 4 = -0*q, -n*l + 2*q + 48 = 0. Let g(u) = -7*u - 1. Calculate the remainder when g(-3) is divided by l.
9
What is the remainder when 12 is divided by 9 - (12/4)/1?
0
Let y = -80 - -115. Let q = -8 + 17. Calculate the remainder when y is divided by q.
8
Suppose z = -g + 10, 2*z = -2*z + 20. Let s(i) = 2*i - 5. What is the remainder when 8 is divided by s(g)?
3
Let p = 372 + -250. Suppose 0 = 5*u - y - p, u + 13 = 2*u - 4*y. Calculate the remainder when u is divided by 9.
7
Let k(x) = 79*x + 8. Calculate the remainder when k(2) is divided by 8.
6
Suppose -10 + 1 = i. Let g be 1/(-3) - 3/i. Suppose g = -a - 3*a + 72. What is the remainder when 34 is divided by a?
16
Suppose 4*b + 4*b - 520 = 0. Let j(q) = -18*q**3 - 2*q**2 - 2*q - 1. What is the remainder when b is divided by j(-1)?
14
Suppose 5*r + 5 = 0, 3*n + 4*r - 18 - 5 = 0. Let u = n + 1. What is the remainder when u is divided by 4?
2
Let y(g) = g + 12. Calculate the remainder when y(29) is divided by 4.
1
Suppose -6*i + 3*i + 4*l + 1 = 0, -21 = -5*i - 3*l. What is the remainder when 10 is divided by i?
1
Let x = -7 - -22. Suppose 3*u - 4 = -4*i + 11, 6 = 3*i - 3*u. What is the remainder when (-6)/9 - (-134)/i is divided by x?
14
Let b(a) = -a**2 - 3*a + 3. Let n be b(-3). Suppose 4 = n*z - z. Calculate the remainder when 54 is divided by (-57)/z*2/(-3).
16
Suppose 4*y - 45 = 55. Calculate the remainder when 124 is divided by y.
24
Suppose 0 = -2*t + 5*j + 44, 0 = -t - 2*j + 4 - 0. What is the remainder when 47 is divided by t?
11
Suppose -5*m = 3*b - 8*b - 35, 0 = -4*m - 3*b + 56. What is the remainder when 1/2 + 122/4 is divided by m?
9
Let u be 155/55 + (-2)/(-11). Suppose -f - u = -6, 3*f = x + 7. Calculate the remainder when 2 is divided by (-1 - 0) + x + 0.
0
Let a be ((-6)/(-10))/((-7)/(-105)). Let s be 8/5*5/2. Let c = s + a. Calculate the remainder when c is divided by 4.
1
Let t = -123 + 126. What is the remainder when t is divided by 1?
0
Suppose 5*a = -4*d + 3*d + 27, 3*a = -d + 21. Suppose 19 = x + 2*j, 2*x + 0*j = -j + 53. Suppose -2*m + 41 = -x. What is the remainder when m is divided by d?
11
Let f(n) = n**2 + 4*n - 2. Let m be f(-4). Let x = 1 - -7. Calculate the remainder when x is divided by 4 + (-1 + 3)/m.
2
Suppose r - 4*s = -14, 0 = -4*r - 4*s + 63 - 19. Suppose 5*o = -3 + 218. Suppose -3*p + o = 13. Calculate the remainder when p is divided by r.
4
Let z(q) = -q**2 - 2*q. Let u be z(-2). Let m(h) = -h**3 - h**2 + 2. What is the remainder when 7 is divided by m(u)?
1
Suppose -96 = -5*w + q + 2, -3*w = q - 54. Suppose 190 = 5*g + 3*o + 8, -o = 4*g - 147. What is the remainder when g is divided by w?
18
Suppose 5 = -i - 3. Calculate the remainder when (-1)/4 - 346/i is divided by 15.
13
Let q be 20/15*42/4. Let y(r) = r**2 - 13*r + 19. What is the remainder when y(q) is divided by 18?
15
Let k(m) = m - 6. Let a be k(5). Calculate the remainder when 2 + a + 1 - -7 is divided by 5.
4
Suppose 2*a - 4 = a. Let v(i) = i**3 - 10*i**2 + 7. Let t be v(10). Suppose t = 2*b - b. What is the remainder when b is divided by a?
3
Let n(w) = -5*w + 1. Let l be n(1). Let r(h) = h**2 + 3*h + 1. Calculate the remainder when 29 is divided by r(l).
4
Suppose -3*r + 186 = 48. Suppose -5*z + 100 = 20. What is the remainder when r is divided by z?
14
Let m(d) = 4*d**3. Let y be m(-1). Let a be 16 - (-1*2 - y). Suppose -a = -2*s + 4. Calculate the remainder when 17 is divided by s.
8
Suppose 0 = g - 3, 5*w + g - 9 = -2*g. What is the remainder when 50 is divided by 10 - (1 + w + -4)?
11
What is the remainder when 1/(-7)*-313 + 4/14 is divided by 19?
7
Suppose -b + 3*b - 30 = 0. Calculate the remainder when 56 is divided by b.
11
Suppose 0 = 3*g - 2*g + 5*z - 28, -g + 31 = 2*z. Suppose h + 2*h = g. Calculate the remainder when 43 is divided by h.
10
Suppose 3*u - 15 = -0*u. Suppose 39 - 4 = u*o. Suppose 0 = h - 3*h + 24. What is the remainder when h is divided by o?
5
Suppose 2*c = -5*l + 179, l + 5*c = -3*l + 150. Suppose 4*s - 129 = l. Suppose b + 0*b - s = 0. Calculate the remainder when b is divided by 14.
13
Suppose 0*w = -2*w + 18. Suppose -2*z